en 315 is divided by 4.
3
Calculate the remainder when 4990 is divided by 161.
160
What is the remainder when 46198 is divided by 264?
262
Calculate the remainder when 2526 is divided by 16.
14
What is the remainder when 107 is divided by 36?
35
Calculate the remainder when 262 is divided by 67.
61
What is the remainder when 3359 is divided by 60?
59
What is the remainder when 9181 is divided by 164?
161
What is the remainder when 1726 is divided by 65?
36
What is the remainder when 301 is divided by 289?
12
Calculate the remainder when 537 is divided by 34.
27
What is the remainder when 424 is divided by 56?
32
What is the remainder when 362 is divided by 124?
114
What is the remainder when 3139 is divided by 10?
9
What is the remainder when 854 is divided by 173?
162
Calculate the remainder when 62 is divided by 33.
29
Calculate the remainder when 642 is divided by 5.
2
What is the remainder when 797 is divided by 7?
6
Calculate the remainder when 152 is divided by 26.
22
What is the remainder when 487 is divided by 153?
28
Calculate the remainder when 481 is divided by 26.
13
Calculate the remainder when 549 is divided by 95.
74
Calculate the remainder when 738 is divided by 85.
58
Calculate the remainder when 1696 is divided by 74.
68
What is the remainder when 104 is divided by 39?
26
What is the remainder when 757 is divided by 40?
37
Calculate the remainder when 59 is divided by 23.
13
What is the remainder when 38 is divided by 3?
2
Calculate the remainder when 744 is divided by 76.
60
What is the remainder when 6655 is divided by 45?
40
What is the remainder when 79 is divided by 23?
10
Calculate the remainder when 439 is divided by 8.
7
What is the remainder when 241 is divided by 63?
52
What is the remainder when 7045 is divided by 21?
10
What is the remainder when 413 is divided by 93?
41
What is the remainder when 7453 is divided by 16?
13
What is the remainder when 230 is divided by 3?
2
Calculate the remainder when 2611 is divided by 289.
10
What is the remainder when 118 is divided by 21?
13
What is the remainder when 101 is divided by 26?
23
What is the remainder when 6477 is divided by 6470?
7
What is the remainder when 15 is divided by 4?
3
What is the remainder when 917 is divided by 12?
5
Calculate the remainder when 29 is divided by 12.
5
What is the remainder when 162 is divided by 53?
3
What is the remainder when 3058 is divided by 36?
34
Calculate the remainder when 2968 is divided by 54.
52
What is the remainder when 406 is divided by 82?
78
Calculate the remainder when 368 is divided by 24.
8
Calculate the remainder when 628 is divided by 7.
5
Calculate the remainder when 159 is divided by 61.
37
Calculate the remainder when 605 is divided by 63.
38
Calculate the remainder when 21714 is divided by 356.
354
What is the remainder when 1783 is divided by 19?
16
What is the remainder when 1351 is divided by 446?
13
What is the remainder when 1836 is divided by 39?
3
What is the remainder when 8 is divided by 2?
0
Calculate the remainder when 31 is divided by 2.
1
Calculate the remainder when 43 is divided by 5.
3
What is the remainder when 74 is divided by 27?
20
Calculate the remainder when 1938 is divided by 54.
48
Calculate the remainder when 17260 is divided by 104.
100
What is the remainder when 733 is divided by 165?
73
What is the remainder when 207 is divided by 57?
36
Calculate the remainder when 464 is divided by 93.
92
Calculate the remainder when 483 is divided by 158.
9
What is the remainder when 72 is divided by 44?
28
What is the remainder when 1142 is divided by 141?
14
What is the remainder when 383 is divided by 64?
63
Calculate the remainder when 515 is divided by 20.
15
What is the remainder when 257 is divided by 38?
29
Calculate the remainder when 28 is divided by 6.
4
Calculate the remainder when 6798 is divided by 1697.
10
Calculate the remainder when 133 is divided by 48.
37
Calculate the remainder when 100 is divided by 58.
42
What is the remainder when 12140 is divided by 16?
12
Calculate the remainder when 716 is divided by 80.
76
What is the remainder when 847 is divided by 12?
7
Calculate the remainder when 228 is divided by 36.
12
What is the remainder when 419 is divided by 28?
27
Calculate the remainder when 8783 is divided by 23.
20
Calculate the remainder when 245 is divided by 54.
29
Calculate the remainder when 159 is divided by 75.
9
What is the remainder when 205 is divided by 38?
15
Calculate the remainder when 29 is divided by 28.
1
What is the remainder when 739 is divided by 361?
17
What is the remainder when 194 is divided by 15?
14
What is the remainder when 208 is divided by 14?
12
Calculate the remainder when 143 is divided by 34.
7
Calculate the remainder when 1451 is divided by 66.
65
Calculate the remainder when 4055 is divided by 33.
29
What is the remainder when 209 is divided by 124?
85
Calculate the remainder when 1361 is divided by 29.
27
What is the remainder when 1790 is divided by 16?
14
What is the remainder when 385 is divided by 78?
73
What is the remainder when 1510 is divided by 152?
142
What is the remainder when 320 is divided by 109?
102
What is the remainder when 4596 is divided by 40?
36
What is the remainder when 196 is divided by 66?
64
What is the remainder when 1285 is divided by 13?
11
Calculate the remainder when 2177 is divided by 17.
1
Calculate the remainder when 1302 is divided by 34.
10
What is the remainder when 1398 is divided by 233?
0
What is the remainder when 1813 is divided by 202?
197
Calculate the remainder when 1454 is divided by 15.
14
What is the remainder when 3551 is divided by 16?
15
Calculate the remainder when 298 is divided by 148.
2
What is the remainder when 62 is divided by 13?
10
Calculate the remainder when 412 is divided by 18.
16
Calculate the remainder when 1623 is divided by 65.
63
What is the remainder when 286 is divided by 7?
6
Calculate the remainder when 3701 is divided by 82.
11
What is the remainder when 6782 is divided by 51?
50
Calculate the remainder when 65 is divided by 30.
5
Calculate the remainder when 219 is divided by 74.
71
Calculate the remainder when 3741 is divided by 13.
10
What is the remainder when 967 is divided by 954?
13
What is the remainder when 321 is divided by 213?
108
What is the remainder when 204 is divided by 70?
64
What is the remainder when 12477 is divided by 78?
75
Calculate the remainder when 25076 is divided by 165.
161
What is the remainder when 4785 is divided by 35?
25
Calculate the remainder when 81 is divided by 24.
9
What is the remainder when 2216 is divided by 147?
11
Calculate the remainder when 102 is divided by 30.
12
What is the remainder when 707 is divided by 28?
7
What is the remainder when 655 is divided by 113?
90
Calculate the remainder when 37788 is divided by 57.
54
What is the remainder when 765 is divided by 12?
9
Calculate the remainder when 77 is divided by 17.
9
Calculate the remainder when 104 is divided by 55.
49
What is the remainder when 176 is divided by 30?
26
What is the remainder when 62 is divided by 50?
12
Calculate the remainder when 469 is divided by 59.
56
Calculate the remainder when 258 is divided by 87.
84
What is the remainder when 58 is divided by 15?
13
What is the remainder when 28 is divided by 11?
6
Calculate the remainder when 146 is divided by 76.
70
What is the remainder when 185 is divided by 31?
30
Calculate the remainder when 92 is divided by 16.
12
What is the remainder when 3463 is divided by 12?
7
What is the remainder when 9201 is divided by 49?
38
Calculate the remainder when 229 is divided by 199.
30
Calculate the remainder when 8141 is divided by 6.
5
Calculate the remainder when 94 is divided by 49.
45
What is the remainder when 1355 is divided by 168?
11
What is the remainder when 1239 is divided by 124?
123
Calculate the remainder when 2977 is divided by 271.
267
What is the remainder when 267 is divided by 15?
12
What is the remainder when 771 is divided by 307?
157
What is the remainder when 11816 is divided by 19?
17
Calculate the remainder when 203 is divided by 33.
5
Calculate the remainder when 105 is divided by 7.
0
What is the remainder when 519 is divided by 57?
6
What is the remainder when 520 is div